{"id":3666,"date":"2018-05-25T10:47:50","date_gmt":"2018-05-25T08:47:50","guid":{"rendered":"http:\/\/www.betelforsamlingen.com\/?page_id=3666"},"modified":"2018-05-25T10:47:50","modified_gmt":"2018-05-25T08:47:50","slug":"om-personuppgifter","status":"publish","type":"page","link":"http:\/\/www.betelforsamlingen.com\/index.php\/kontakt\/om-personuppgifter\/","title":{"rendered":"Om personuppgifter"},"content":{"rendered":"<h1><strong>GDPR &#8211; Policy f\u00f6r behandling av personuppgifter (v. 201805)<\/strong><\/h1>\n<p>Den 25 maj 2018 tr\u00e4der GDPR (General Data Protection Regulation) i kraft, som \u00e4r en ny EU-f\u00f6rordning. GDPR ers\u00e4tter den svenska Personuppgiftslagen (PUL). Bland annat sk\u00e4rps kraven p\u00e5 hur f\u00f6retag och organisationer f\u00e5r behandla dina personuppgifter. Detta \u00e4r en positiv f\u00f6r\u00e4ndring. F\u00f6r oss i Betelf\u00f6rsamlingen i J\u00f6n\u00e5ker \u00e4r det viktigt att du ska k\u00e4nna dig trygg med hur vi hanterar dina personuppgifter, samt f\u00f6ljer de lagar och regler som finns f\u00f6r att skydda din integritet.<\/p>\n<p>Denna policy omfattar Betelf\u00f6rsamlingen i J\u00f6n\u00e5ker med dess verksamhetsomr\u00e5den. Kontaktuppgifter f\u00f6r information eller klagom\u00e5l \u00e4r: Betelf\u00f6rsamlingen, Skolv\u00e4gen 5, 661 70 J\u00d6N\u00c5KER, f\u00f6rsamlingens f\u00f6rest\u00e5ndare \u00e4r kontaktperson i fr\u00e5gor om behandlingen av dina personuppgifter, och honom kan du kontakta via informationen som finns p\u00e5 <a href=\"http:\/\/www.betelforsamlingen.com\/index.php\/kontakt\/\" target=\"_blank\" rel=\"noopener\">kontaktsidan<\/a>.<\/p>\n<p>Betelf\u00f6rsamlingen i J\u00f6n\u00e5ker \u00a0v\u00e4rnar om din personliga integritet och str\u00e4var efter att alltid skydda dina personuppgifter p\u00e5 b\u00e4sta s\u00e4tt.\u00a0Vi behandlar dina personuppgifter i enlighet med till\u00e4mplig lagstiftning och den lagliga grunden vilar fr\u00e4mst p\u00e5: att fullg\u00f6ra v\u00e5rt avtal, legitimt och ber\u00e4ttigat intresse och\/eller att dina personuppgifter behandlas inom det som kallas \u201dber\u00e4ttigad verksamhet\u201d.<\/p>\n<p>Om du interagerar med Betelf\u00f6rsamlingen i J\u00f6n\u00e5ker behandlar vi dina personuppgifter utifr\u00e5n dessa grunder. Det kan ske p\u00e5 olika s\u00e4tt, ex. n\u00e4r du blir medlem, att du anm\u00e4ler dig till ett l\u00e4ger eller en kurs hos oss eller n\u00e4r du ger en g\u00e5va via webben. Uppgifterna anv\u00e4nds enbart f\u00f6r det syftet som de tagits in f\u00f6r, att f\u00f6rse dig med relevant information, f\u00f6r uppf\u00f6ljning, m.m. V\u00e5rt syfte \u00e4r inte att behandla tredjelands\u00f6verf\u00f6ringar. Vi lagrar inte heller personuppgifter l\u00e4ngre tid \u00e4n vi beh\u00f6ver eller m\u00e5ste av lagliga sk\u00e4l. Medlemshistorik arkiveras f\u00f6r statistik och f\u00f6r att ex. i efterhand kunna utf\u00e4rda dopintyg till en tidigare medlem som \u00f6nskar detta.<\/p>\n<p>Betelf\u00f6rsamlingen i J\u00f6n\u00e5ker \u00a0\u00e4r en del av en nationell f\u00f6rsamlingsr\u00f6relse\/samfund som bland annat ger ut medlemstidningen <a href=\"http:\/\/pingst.se\/\">Pingst.se<\/a>. Efter \u00f6verenskommelse inom f\u00f6rsamlingen kan medlemmars kontaktuppgifter l\u00e4mnas dit f\u00f6r att du ska f\u00e5 information om v\u00e5rt gemensamma arbete i Sverige och i v\u00e4rlden. Anm\u00e4l till Betelf\u00f6rsamlingen i J\u00f6n\u00e5ker \u00a0om du inte vill ha medlemstidningen. I de fall samverkan sker kring specifika tj\u00e4nster, ex. f\u00f6rs\u00e4kringar, pensioner, bist\u00e5ndsprojekt behandlas personuppgifter f\u00f6r att fullg\u00f6ra avtalet.<\/p>\n<p>Antalet m\u00e4nniskor som har tillg\u00e5ng till uppgifterna \u00e4r begr\u00e4nsat och uppgifterna l\u00e4mnas inte ut till n\u00e5gon annan organisation annat \u00e4n d\u00e5 de ska utf\u00f6ra tj\u00e4nster f\u00f6r Betelf\u00f6rsamlingen i J\u00f6n\u00e5kers r\u00e4kning och i s\u00e5 fall i samband med att ett s\u00e4rskilt avtal om sekretess tecknas.<\/p>\n<p>Du har \u00e4ven r\u00e4tt att beg\u00e4ra r\u00e4ttelse eller komplettering av de personuppgifter som vi behandlar om dig. Om du anser att v\u00e5r behandling av dina personuppgifter \u00e4r olaglig eller inte sker p\u00e5 ett korrekt s\u00e4tt har du en r\u00e4tt att klaga och om de \u00e4r felaktiga eller laglig grund saknas beg\u00e4ra att personuppgifterna r\u00e4ttas, blockeras eller raderas.<\/p>\n","protected":false},"excerpt":{"rendered":"<p>GDPR &#8211; Policy f\u00f6r behandling av personuppgifter (v. 201805) Den 25 maj 2018 tr\u00e4der GDPR (General Data Protection Regulation) i kraft, som \u00e4r en ny EU-f\u00f6rordning. GDPR ers\u00e4tter den svenska Personuppgiftslagen (PUL). Bland annat sk\u00e4rps kraven p\u00e5 hur f\u00f6retag och organisationer f\u00e5r behandla dina personuppgifter. Detta \u00e4r en positiv f\u00f6r\u00e4ndring. F\u00f6r oss i Betelf\u00f6rsamlingen i J\u00f6n\u00e5ker \u00e4r det viktigt att du ska k\u00e4nna dig trygg med hur vi hanterar dina personuppgifter, samt f\u00f6ljer de lagar och regler som finns f\u00f6r [&hellip;]<\/p>\n","protected":false},"author":1,"featured_media":0,"parent":86,"menu_order":0,"comment_status":"closed","ping_status":"closed","template":"","meta":{"jetpack_post_was_ever_published":false,"footnotes":""},"class_list":["post-3666","page","type-page","status-publish","hentry","ctfw-no-image"],"jetpack_sharing_enabled":true,"jetpack_shortlink":"https:\/\/wp.me\/P7ON5V-X8","jetpack-related-posts":[],"_links":{"self":[{"href":"http:\/\/www.betelforsamlingen.com\/index.php\/wp-json\/wp\/v2\/pages\/3666","targetHints":{"allow":["GET"]}}],"collection":[{"href":"http:\/\/www.betelforsamlingen.com\/index.php\/wp-json\/wp\/v2\/pages"}],"about":[{"href":"http:\/\/www.betelforsamlingen.com\/index.php\/wp-json\/wp\/v2\/types\/page"}],"author":[{"embeddable":true,"href":"http:\/\/www.betelforsamlingen.com\/index.php\/wp-json\/wp\/v2\/users\/1"}],"replies":[{"embeddable":true,"href":"http:\/\/www.betelforsamlingen.com\/index.php\/wp-json\/wp\/v2\/comments?post=3666"}],"version-history":[{"count":1,"href":"http:\/\/www.betelforsamlingen.com\/index.php\/wp-json\/wp\/v2\/pages\/3666\/revisions"}],"predecessor-version":[{"id":3667,"href":"http:\/\/www.betelforsamlingen.com\/index.php\/wp-json\/wp\/v2\/pages\/3666\/revisions\/3667"}],"up":[{"embeddable":true,"href":"http:\/\/www.betelforsamlingen.com\/index.php\/wp-json\/wp\/v2\/pages\/86"}],"wp:attachment":[{"href":"http:\/\/www.betelforsamlingen.com\/index.php\/wp-json\/wp\/v2\/media?parent=3666"}],"curies":[{"name":"wp","href":"https:\/\/api.w.org\/{rel}","templated":true}]}}