{"id":180,"date":"2016-08-20T09:12:08","date_gmt":"2016-08-20T07:12:08","guid":{"rendered":"http:\/\/www2.betelforsamlingen.com\/?page_id=180"},"modified":"2018-02-07T10:02:40","modified_gmt":"2018-02-07T09:02:40","slug":"registrera-din-epost-adress","status":"publish","type":"page","link":"http:\/\/www.betelforsamlingen.com\/index.php\/kontakt\/registrera-din-epost-adress\/","title":{"rendered":"Registrera din epost"},"content":{"rendered":"<p>Om du registrerar din epostadress f\u00e5r du regelbundna utskick fr\u00e5n Betelf\u00f6rsamlingen i J\u00f6n\u00e5ker. Gud v\u00e4lsigne dig!<\/p>\n<p><div class=\"tnp tnp-subscription \">\n<form method=\"post\" action=\"http:\/\/www.betelforsamlingen.com\/wp-admin\/admin-ajax.php?action=tnp&amp;na=s\">\n<input type=\"hidden\" name=\"nlang\" value=\"\">\n<div class=\"tnp-field tnp-field-email\"><label for=\"tnp-1\">Email<\/label>\n<input class=\"tnp-email\" type=\"email\" name=\"ne\" id=\"tnp-1\" value=\"\" placeholder=\"\" required><\/div>\n<div class=\"tnp-field tnp-field-button\" style=\"text-align: left\"><input class=\"tnp-submit\" type=\"submit\" value=\"Subscribe\" style=\"\">\n<\/div>\n<\/form>\n<\/div>\n<\/p>\n","protected":false},"excerpt":{"rendered":"<p>Om du registrerar din epostadress f\u00e5r du regelbundna utskick fr\u00e5n Betelf\u00f6rsamlingen i J\u00f6n\u00e5ker. Gud v\u00e4lsigne dig!<\/p>\n","protected":false},"author":1,"featured_media":0,"parent":86,"menu_order":0,"comment_status":"closed","ping_status":"closed","template":"","meta":{"jetpack_post_was_ever_published":false,"footnotes":""},"class_list":["post-180","page","type-page","status-publish","hentry","ctfw-no-image"],"jetpack_sharing_enabled":true,"jetpack_shortlink":"https:\/\/wp.me\/P7ON5V-2U","jetpack-related-posts":[],"_links":{"self":[{"href":"http:\/\/www.betelforsamlingen.com\/index.php\/wp-json\/wp\/v2\/pages\/180","targetHints":{"allow":["GET"]}}],"collection":[{"href":"http:\/\/www.betelforsamlingen.com\/index.php\/wp-json\/wp\/v2\/pages"}],"about":[{"href":"http:\/\/www.betelforsamlingen.com\/index.php\/wp-json\/wp\/v2\/types\/page"}],"author":[{"embeddable":true,"href":"http:\/\/www.betelforsamlingen.com\/index.php\/wp-json\/wp\/v2\/users\/1"}],"replies":[{"embeddable":true,"href":"http:\/\/www.betelforsamlingen.com\/index.php\/wp-json\/wp\/v2\/comments?post=180"}],"version-history":[{"count":10,"href":"http:\/\/www.betelforsamlingen.com\/index.php\/wp-json\/wp\/v2\/pages\/180\/revisions"}],"predecessor-version":[{"id":3515,"href":"http:\/\/www.betelforsamlingen.com\/index.php\/wp-json\/wp\/v2\/pages\/180\/revisions\/3515"}],"up":[{"embeddable":true,"href":"http:\/\/www.betelforsamlingen.com\/index.php\/wp-json\/wp\/v2\/pages\/86"}],"wp:attachment":[{"href":"http:\/\/www.betelforsamlingen.com\/index.php\/wp-json\/wp\/v2\/media?parent=180"}],"curies":[{"name":"wp","href":"https:\/\/api.w.org\/{rel}","templated":true}]}}